6 is divided by y?
0
Suppose -1247 = -39*r + 313. Calculate the remainder when 185 is divided by r.
25
Calculate the remainder when 65 is divided by -10 - -9 - (-34)/1.
32
Calculate the remainder when 4*(-6 + 343/28) is divided by 25.
0
What is the remainder when 91 is divided by 186/8 - (-27)/(-108)?
22
Suppose -2*q + 504 = 5*y - 5*q, -489 = -5*y - 2*q. Calculate the remainder when y is divided by 32.
3
Let z(f) = -f**2 - 21*f + 120. Let y = 39 - -20. Calculate the remainder when y is divided by z(-25).
19
Let k be ((-76)/12)/((-2)/(-6)). Let j = k - -19. Calculate the remainder when 96 + 0 - (j - 1) is divided by 25.
22
Let b(w) = 3*w - 17 + w + 2 + 4*w. Let o be b(-8). Let d = -15 - o. What is the remainder when d is divided by 11?
9
Let n(j) = 70*j**3 + j**2. What is the remainder when n(1) is divided by 38?
33
Calculate the remainder when (-12)/138 - 48408/(-184) is divided by 12.
11
Suppose -2*v = l - 6*l - 345, -346 = -2*v + 4*l. Calculate the remainder when v is divided by (-2)/6 + (-257)/(-6) + 125/50.
40
Let h = -52 - -55. Suppose v - 45 = -4*z + 6, h*v + 42 = 3*z. What is the remainder when z is divided by 4?
1
Let t(k) = 13*k**2 + k - 1. Suppose 11*w - 8*w - 24 = 0. Calculate the remainder when t(1) is divided by w.
5
Suppose 0 = 21*b - 2218 - 50. What is the remainder when b is divided by 28?
24
Let q = 0 + 23. What is the remainder when q is divided by ((-8)/16)/(2/(-52))?
10
Let c be 68/18 + (-12)/(-54). Suppose -190 = -v - 4*v - 5*f, 0 = -4*v - 2*f + 162. Calculate the remainder when v is divided by (1*11/c)/((-6)/(-24)).
10
Suppose 0 = -5*x - 63 + 683. Suppose 4*b - 2*u = -0*u - 306, 5*b - 3*u + 384 = 0. Let c = x + b. Calculate the remainder when c is divided by 17.
15
Let l(p) = -8*p + 9. Calculate the remainder when 135 is divided by l(-5).
37
Let i be (1 - 0)*-5*1/(-5). Calculate the remainder when i/(2/58) + (-2 - -1) is divided by 18.
10
Suppose c = 6 + 22. Let h = 18 + c. Calculate the remainder when h is divided by 24.
22
Let f(u) = u + 2. Suppose -4*d = -6*d + 14. Let k be f(d). Suppose n - k = 1. What is the remainder when n is divided by 6?
4
Let t = -1 + 3. Suppose t = -3*z + 8. What is the remainder when 28 is divided by z - (-2 - -41)/(-3)?
13
Suppose -m = -4*m. Suppose -66 = -8*r - 2. What is the remainder when 13/(0 - (-1 - m)) is divided by r?
5
Let i = 315 - 182. Suppose u - i = -35. Calculate the remainder when u is divided by 25.
23
Let l = 21 - 18. Suppose -6*w = -l*w. Suppose -y + 3*y - 6 = w. What is the remainder when y is divided by 2?
1
Suppose -2*z = -0*z - 2*i - 148, 228 = 3*z - i. Let f = 160 - z. What is the remainder when f is divided by 42/(-15)*(-12 - (2 - 4))?
27
Suppose -6*d = -16*d + 50. Calculate the remainder when 5 is divided by d.
0
Suppose 0 = -2*f + f + g + 648, -3*f + 2*g = -1941. Suppose -5*d - 90 + f = 0. Calculate the remainder when d is divided by 28.
27
Suppose -67*y = -1975 - 1375. What is the remainder when 83 is divided by y?
33
Let y(a) = -a**3 + 4*a**2 - 3. Let f be y(5). Let b = -24 - f. Suppose 0*n + 207 = b*n - g, -5*n + 258 = -2*g. What is the remainder when n is divided by 18?
16
Let g = -76 - -130. Let u = 61 + -24. Suppose 4*q - 19 = u. Calculate the remainder when g is divided by q.
12
What is the remainder when (-32 - -226) + (-9 - -2) is divided by 5?
2
Suppose -835 = -4*r - r - 5*u, -6 = 3*u. Calculate the remainder when r is divided by 25.
19
Suppose 16 = -4*x, 125 = 5*b - 2*x - 3*x. Calculate the remainder when b is divided by 12.
9
Let q be (-2)/(4 + (-170)/43). Let i = 12 + q. What is the remainder when 47 is divided by -7*(3 + i/7)?
7
Let h(v) = 16*v + 447. Calculate the remainder when 526 is divided by h(-26).
30
Suppose -107 = -2*o - 5*a, 0 = -o - 2*a + 6*a + 21. What is the remainder when o is divided by (8/3)/((-12)/(-72))?
9
Let u(d) = 6*d - 1. Suppose 0 = -8*z + 24 + 8. Calculate the remainder when 67 is divided by u(z).
21
Suppose 244 = 5*h - h. Suppose l - h = -0*l. Suppose 3*t = 214 - l. What is the remainder when t is divided by 13?
12
Let r be 0 - (0 + -1 + -4). Let w = 17 - r. What is the remainder when 58 is divided by w?
10
Let d(o) = 14*o**3 + o. Let q(f) = 9 + 0 - 5 + 9 - f. What is the remainder when d(1) is divided by q(4)?
6
Suppose -36 = -48*u + 44*u. Let t = -1 + 3. Suppose t*v - 40 = 3*n, -5*v + 5*n + 125 - 35 = 0. What is the remainder when v is divided by u?
5
Suppose 21 + 12 = f. Suppose 5*i - 138 = -103. What is the remainder when f is divided by i?
5
Let k(v) = -v**2 + 7*v - 5. Let h be k(6). Let d = -55 + 62. What is the remainder when (20 - 0) + h*-2 is divided by d?
4
Suppose -19 = -2*o + v, 3*o + o = v + 43. What is the remainder when o is divided by 3?
0
Let v(s) = 3*s**2 + 21*s + 48. Suppose -x + 13 = -13. Calculate the remainder when v(-7) is divided by x.
22
Calculate the remainder when 7 - (-8)/(-8) - -1091 is divided by 22.
19
Suppose 2*g = 1254 + 318. Suppose j - 92 - 72 = 3*y, 5*j + 2*y = g. What is the remainder when j is divided by 32?
30
Let x(i) = 18*i - 3 - 5 + 3*i**2 - 4*i**2. What is the remainder when x(14) is divided by 10?
8
Calculate the remainder when (4 - 5)/(2/(-1466)) is divided by 21.
19
Suppose -5*k + 33 = -37. What is the remainder when 162 is divided by k?
8
Suppose -4 = 4*r + 4*s - 248, r + 2*s - 60 = 0. What is the remainder when r is divided by 19?
5
Let p(s) = 2*s**2 - 3*s - 1. Let f be p(4). Let w(i) = -2*i - 12. Let m be w(5). Let x = f - m. Calculate the remainder when x is divided by 11.
8
Let y(i) = i**3 - 12*i**2 + 15*i - 23. Suppose -2*g - j = 4*j - 1, -5*g - 2*j = -34. Calculate the remainder when y(11) is divided by g.
5
Let i be (-1)/(-3)*(-263 - -2). Let f = -48 - i. Calculate the remainder when f is divided by 11.
6
Suppose -3*y + 24 = 75. Let a = y - -9. What is the remainder when (-2)/a + (-494)/(-8) is divided by 21?
20
Let u(s) be the third derivative of s**5/60 + 7*s**4/24 + 2*s**3/3 - 11*s**2. Let a(x) = 7*x + 11. What is the remainder when a(8) is divided by u(-10)?
33
Let o = 3057 + -1421. Calculate the remainder when o is divided by 14.
12
Suppose 11 - 1 = 5*v. Suppose 5 = -v*i + 27. Suppose z = -0*z + i. Calculate the remainder when 29 is divided by z.
7
Suppose -4*i + 5*z + 1684 = 0, 2*i - 5*i + 1286 = 2*z. Calculate the remainder when i is divided by 33.
30
Suppose 15*o = 16*o - 9. Let p(y) = 6*y + 8*y**2 - 13 - 5*y**3 + 4*y**3 + 7*y. What is the remainder when p(o) is divided by 5?
3
Let n(i) = 18*i**2 - 9*i + 9. What is the remainder when n(2) is divided by 23?
17
Suppose d - 47 + 48 = 0. What is the remainder when (d + 26)*(-3 + 6) is divided by 6?
3
What is the remainder when (1338 - 22)/(3 - 2/2) is divided by 110?
108
Let k(b) = 3*b - 7. Let o(l) = l**3 + 26*l**2 - 3*l - 75. What is the remainder when k(8) is divided by o(-26)?
2
Let h be (5*2/(-8))/((-1)/76). Let n = h + -65. Calculate the remainder when n is divided by 12.
6
Let z = -139 + 256. Let d = -87 + z. Calculate the remainder when 89 is divided by d.
29
Suppose 2*w = -4, 3*x - 21 + 1 = 4*w. Let l be (2/(-5))/((-5 + -1)/30). Suppose l*g - 6*g = -36. What is the remainder when g is divided by x?
1
What is the remainder when 296 + 165 - (1 + 5 - 0) is divided by 38?
37
Let o = -72 + 115. Let m(u) = -15*u - 5. Calculate the remainder when m(-6) is divided by o.
42
Suppose 74392 = 41*z + 27*z. Calculate the remainder when z is divided by 15.
14
Suppose 1333*s + 132 = 1344*s. Suppose z - 26 = 5. What is the remainder when z is divided by s?
7
Let v(q) = -23*q + 12*q + 21 + 12*q. Calculate the remainder when 98 is divided by v(4).
23
Let p = -1755 - -1757. Suppose -2*o - 10 = -4*o + 2*j, 0 = -4*o - 4*j + 4. Calculate the remainder when o is divided by p.
1
Suppose b + 0*b - 3 = 3*h, 0 = 3*b - 5*h - 9. Suppose 7 + 5 = t. Let v = 17 - t. Calculate the remainder when v is divided by b.
2
Let c be (13/(-3))/(3/9). Let w = c + 16. Calculate the remainder when 32 is divided by (-17)/w*(2 - 5).
15
Let f be (2/(-4))/((-10)/60). Let h = 42 - 37. Suppose -h*v = -4*i - 1, -f*i - 3*v + 27 = -i. Calculate the remainder when 14 is divided by i.
2
Let n(i) = -i**3 - 16*i**2 + 15*i - 19. Let z be n(-17). Suppose 9 = 3*j - z. What is the remainder when 39 is divided by j?
7
Let a(p) = p + 90. What is the remainder when a(-7) i